+ 3 - x/((-17)/(-178)). What is the highest common divisor of 252 and v?
36
Let m(o) be the first derivative of 23*o**3/3 + 9*o**2/2 - 14*o + 40. Let b be m(3). What is the greatest common factor of b and 44?
44
Let d = 2657 + -2457. Calculate the greatest common divisor of 8 and d.
8
Suppose -6*r - 29 + 5 = 0. Let c be -203 - (r/18 + 20/9). Let l be 182/12 - (7 - c/(-30)). Calculate the highest common divisor of l and 105.
15
Let v be (4/((-72)/531))/(2/(-8)). Let c = 124 - v. Calculate the greatest common factor of 14 and c.
2
Let v(r) = r**3 + 8*r**2 + 116*r + 813. Let p be v(-7). Calculate the greatest common divisor of 31800 and p.
50
Let t(i) = -6*i**2 + 258*i + 2820. Let w be t(52). Let u be (-6)/(-4)*4/2. Calculate the greatest common factor of w and u.
3
Let r be 2249/(-6)*-2 + 7/21. Let u be (r/100)/(2/4). Let i be 56/10 + (-2)/(-5). What is the greatest common divisor of i and u?
3
Let x be 0 + (134 - 0 - 2). Let h(d) = -d**3 - 53*d**2 + 13*d + 701. Let p be h(-53). What is the greatest common factor of x and p?
12
Let z(g) = -7*g**2 - 1. Let l(b) = -33*b**2 + 74*b + 4. Let y(h) = l(h) - 4*z(h). Let x be y(14). What is the highest common factor of 2 and x?
2
Let a = 1319 + -1150. What is the highest common divisor of a and 39?
13
Let h(m) = 4 + 3*m - m**2 - 2*m + 2 - 4. Let r be h(2). Suppose r = 3*p - 4*w - 160, -3*p - 3*w + 205 = p. What is the highest common divisor of p and 39?
13
Suppose -2*a - 2*q + 625 = 511, -4*a = -5*q - 282. Let z be 1/2 - 34/(-4). What is the greatest common divisor of a and z?
9
Suppose -2*z + 4*z = -5*v + 436, -1160 = -5*z + 5*v. Let w = -164 + z. What is the greatest common divisor of 4 and w?
4
Let v = -16 + 27. Let u = 16 - v. Let i be 2*23/4 - u/10. Calculate the greatest common factor of i and 88.
11
Suppose -5*z - 5*b + 10 = 0, 0*z - 3*b - 14 = -z. Suppose -2 + z = h. Let d be (-498)/(-10) - ((-96)/30 + h). What is the highest common factor of d and 5?
5
Suppose -2768 - 2162 = -85*z. Calculate the highest common divisor of 1450 and z.
58
Suppose -237*n = -241*n - 480. Let l = -110 - n. Calculate the greatest common factor of l and 2.
2
Let b = -115 - -126. Suppose 4*y - 269 = -p, 5*p + 12*y - b*y = 1326. What is the highest common divisor of p and 53?
53
Let x = 49 + -43. Suppose -x*w + 3*w = -84. Suppose j - 420 = -2*j. Calculate the greatest common divisor of w and j.
28
Let m(y) = 101*y - 13186. Let d be m(131). What is the highest common factor of 7515 and d?
45
Suppose 0*j + 3*j = -3*x + 57, -j - 3*x + 27 = 0. Let w(s) = 48*s + 168. Let v be w(9). Calculate the highest common factor of j and v.
15
Let o be (-12650)/15*(2 + 46/(-5)). Calculate the highest common divisor of 736 and o.
184
Let w be (2/((-32)/(-5700)))/((-360)/(-2400)). Calculate the highest common divisor of w and 380.
95
Suppose -9566 = -16*w + 3266. Let j = 811 - w. Calculate the highest common divisor of j and 18.
9
Suppose 4*f = -5*g + 240, 300 = 5*f + 4*g - 9*g. Let u be 2/((-10)/(-83)) + 24/f. What is the highest common divisor of 1751 and u?
17
Let h(t) = 3*t**2 - 14*t - 10. Let v be h(6). Let r(n) = 81*n - 19. Let o be r(3). Calculate the greatest common divisor of v and o.
14
Let p = 334 - 234. Let d be p*(-4 + 5/1). Suppose -2*t + 29 = 2*v - 5, -92 = -4*t + 4*v. What is the greatest common factor of t and d?
20
Suppose -l - 15*d + 46 = -14*d, 5*d = -3*l + 142. Calculate the highest common factor of l and 1826.
22
Suppose 5*f - x - 1717 = 0, 2*f + 2*x + 100 - 794 = 0. Suppose -o - 2 = -10. Calculate the highest common factor of o and f.
8
Let v(i) = i**3 - 5*i**2 - 12*i - 2. Suppose -54*l + 51*l = -21. Let s be v(l). Let z be (-1)/(-2) - 383/(-2). What is the greatest common factor of z and s?
12
Suppose 0 = -23*t + 7*t + 448. Suppose -t*f + 5*i = -32*f + 448, -2*i = 5*f - 560. Calculate the greatest common divisor of 168 and f.
56
Suppose -c = -3*p + 18, -c + 24 = 4*p + 4*c. Suppose -4140 = -4*g - 2*s, -11*s + p*s + 10 = 0. Calculate the greatest common factor of g and 22.
22
Suppose 63 = 10*n - 27. Suppose -80 - 118 = -n*a. Calculate the greatest common factor of 44 and a.
22
Let w(g) = g**3 - 100*g**2 - 97*g - 371. Let o be w(101). What is the greatest common factor of 6754 and o?
11
Suppose -19*d + 28*d - 72 = 0. Calculate the highest common factor of 1448 and d.
8
Let o(z) = -z**3 - 5*z**2 - 9*z + 132. Let l be o(-8). Calculate the highest common divisor of 1287 and l.
99
Let l(h) = -h**3 - 7*h**2 - 15*h. Let j be l(-6). Let u = j - 46. What is the greatest common divisor of u and 64?
8
Let d(l) = -l**3 - 3*l**2 - 4*l - 3. Let u be d(-2). Suppose x - 32 = 5*n, 2*x - 5*n + 11 - 60 = 0. Calculate the highest common divisor of u and x.
1
Suppose -f - 2*o + 11 = 0, 0 = -12*f + 8*f - o + 58. Calculate the greatest common divisor of f and 4065.
15
Suppose 4*p + 4 - 4 = 0. Suppose p = -4*r - 3*d - 1, 0 = -2*r + 2*d - 0 + 10. Let t be (2/r)/(1/2). Calculate the highest common factor of 3 and t.
1
Let f be ((-128)/16 + 2)/((-2)/4). Let v be (-2)/(((-7)/96)/7). What is the highest common divisor of v and f?
12
Let h be (-2)/(11/(-3) - -3). Suppose -3*c - 2*l - 340 = c, -255 = h*c + 4*l. Let k = c + 163. What is the greatest common divisor of 195 and k?
39
Suppose -3*q + 1138 = -5*q + 4*y, -2*q - 1136 = -3*y. Let p = q + 596. What is the greatest common factor of p and 31?
31
Let g = -22535 + 24095. Calculate the greatest common factor of 160 and g.
40
Let u = -196 - -198. Suppose 5*n = o + 45 + 40, 2*o + 34 = u*n. Calculate the greatest common divisor of n and 4.
1
Let l be -14 + 14 - (4 + -1 + -101). Let x = l - 84. Calculate the highest common divisor of 7 and x.
7
Let a(m) = 4*m + 2. Let g be a(6). Let u be (-4)/(-46) - ((-1076344)/3818 + 4/(-1)). Calculate the greatest common divisor of g and u.
26
Suppose -l + 0*l + 331 = 0. Let x = l + -211. Let s = -20298 - -20378. Calculate the highest common factor of s and x.
40
Let o(s) = -499*s + 1707. Let z be o(3). Calculate the greatest common divisor of 510 and z.
30
Suppose 0 = 8*p - 13*p + 90. Let d(s) = 17*s**2 + 8*s + 9. Let g be d(-1). What is the highest common factor of g and p?
18
Let a(k) = 10*k + 191. Let d be a(-19). Let i be (5 + -4)/(d/385). Calculate the highest common factor of 110 and i.
55
Suppose 2*a = 32 - 12. Let j be (-1125)/20 + -1 + a/8. Let n be 1077*(-2)/(-7) + j/(-196). Calculate the highest common factor of n and 44.
44
Let h be (32 + 5 + 2)*1. Suppose -4*a - 3*w + 21 = 0, 7 = -w + 10. Calculate the highest common divisor of a and h.
3
Suppose -30*d = 2*t - 28*d - 18, 3*t + 4*d - 30 = 0. Calculate the greatest common factor of 28 and t.
2
Let x(n) = 3*n**2 - 285*n + 1128. Let d be x(4). Calculate the highest common factor of d and 1350.
18
Let k = 3 - 0. Suppose -5*t - k*m + 135 = -84, 88 = 2*t + m. Suppose 106*c - 324*c + 8609 - 2069 = 0. Calculate the highest common divisor of t and c.
15
Suppose 3*q + 214 = 199, 5*p - 17005 = 5*q. What is the greatest common factor of p and 108?
12
Suppose 3*t = 3*n + 72, -231*n + 228*n + 38 = 2*t. Calculate the highest common factor of 11 and t.
11
Let q = 2905 - 2491. What is the greatest common divisor of 18 and q?
18
Suppose -s + 11 = -x - 4*x, 0 = x - 2. Suppose -2 = -23*z + s*z - 2*h, z = -3*h - 9. Let n = -4 - -7. Calculate the greatest common divisor of n and z.
3
Let p(t) = t**2 - t - 20. Let y be p(6). Calculate the highest common divisor of 2545 and y.
5
Let n(z) = 669*z**2 - 83*z + 348. Let g be n(4). Calculate the greatest common divisor of 20 and g.
20
Suppose 0 = 5*l - 325 + 110. Let m = l + 68. Let c be ((-7)/14)/((-1)/148). Calculate the highest common factor of m and c.
37
Suppose -4*d + 169 = -911. Let l(q) = -q**3 + 25*q**2 + 25*q + 56. Let b = 64 + -38. Let j be l(b). Calculate the highest common divisor of d and j.
30
Let p be (16/(-2))/((-6)/(-54) - (-112)/(-927)). Calculate the highest common divisor of p and 24.
8
Suppose 74*p - 3377 - 3283 = 0. What is the highest common factor of 3270 and p?
30
Suppose 5*h + 152 = -173. Let b = -63 - h. Suppose t - 13 = -b*c, -4*t = 4*c - 9*c. Calculate the highest common factor of 44 and c.
4
Let v be 6/3 + -9 - (-94 - 69). What is the greatest common divisor of v and 168?
12
Suppose -58*s + 230 = -12*s. Suppose 2*z - 48 = -3*o, s*o + 10 - 130 = -